247 a factor of 311467?
True
Does 18 divide 6695172?
True
Is 110133 a multiple of 164?
False
Is 11094286 a multiple of 158?
True
Is 189750 a multiple of 75?
True
Does 79 divide 9151266?
False
Does 71 divide 1599417?
True
Is 20006 a multiple of 5?
False
Is 9531586 a multiple of 31?
False
Is 39 a factor of 13737337?
False
Is 36 a factor of 216216?
True
Does 125 divide 34305?
False
Is 347 a factor of 590941?
True
Is 4 a factor of 1061957?
False
Is 34 a factor of 157503?
False
Does 50 divide 29498?
False
Is 43 a factor of 1113744?
False
Does 3 divide 16032?
True
Is 43530 a multiple of 74?
False
Is 225 a factor of 1416375?
True
Is 20445 a multiple of 15?
True
Does 44 divide 75313?
False
Is 770462 a multiple of 18?
False
Is 13307 a multiple of 193?
False
Is 4 a factor of 16107?
False
Does 438 divide 1225096?
False
Does 28 divide 536187?
False
Does 23 divide 9922223?
True
Is 687 a factor of 6003693?
True
Is 398 a factor of 3307380?
True
Is 50 a factor of 19800?
True
Is 132362 a multiple of 17?
True
Does 70 divide 1119348?
False
Is 42 a factor of 859278?
True
Does 3 divide 857?
False
Does 7 divide 43925?
True
Is 12 a factor of 125668?
False
Is 195 a factor of 155537?
False
Does 46 divide 19848350?
False
Is 7 a factor of 167439?
False
Is 97 a factor of 402098?
False
Is 518 a factor of 4261586?
True
Does 15 divide 63833?
False
Is 88 a factor of 644918?
False
Is 241239 a multiple of 291?
True
Does 457 divide 382966?
True
Does 7 divide 1265989?
False
Is 1285105 even?
False
Does 6 divide 125976?
True
Is 22 a factor of 14124?
True
Is 1033 a factor of 1645569?
True
Is 229600 a multiple of 37?
False
Is 11 a factor of 984610?
True
Is 1037124 a multiple of 22?
True
Does 6 divide 66308?
False
Does 211 divide 822889?
False
Does 526 divide 7786850?
False
Does 323 divide 15991?
False
Is 80473 a multiple of 12?
False
Does 13 divide 434465?
False
Is 219 a factor of 567815?
False
Does 20 divide 343525?
False
Is 1091897 a multiple of 291?
False
Is 968410 a multiple of 46?
False
Does 18 divide 867999?
False
Is 2288 a multiple of 8?
True
Does 22 divide 11788326?
True
Does 51 divide 941297?
False
Is 39 a factor of 1339923?
True
Is 60 a factor of 5901240?
True
Is 81622 a multiple of 2?
True
Is 3782429 a multiple of 1082?
False
Does 20 divide 27000?
True
Does 199 divide 176911?
True
Is 2900184 a multiple of 366?
True
Does 19 divide 320318?
False
Is 3759936 a multiple of 16?
True
Is 424096 a multiple of 16?
True
Is 24 a factor of 439248?
True
Does 219 divide 5760887?
False
Does 286 divide 139922?
False
Is 3 a factor of 134219?
False
Is 3255840 a multiple of 72?
True
Is 87 a factor of 344838?
False
Is 434280 a multiple of 141?
True
Does 41 divide 283310?
True
Is 50 a factor of 310600?
True
Is 142626 a multiple of 66?
True
Is 8 a factor of 22712?
True
Is 42 a factor of 662298?
True
Does 150 divide 803250?
True
Is 5 a factor of 3702595?
True
Does 13 divide 170586?
True
Is 107 a factor of 12252134?
False
Is 2013 a factor of 4549542?
False
Is 3499373 a multiple of 719?
True
Does 95 divide 2804020?
True
Is 27131 a multiple of 38?
False
Is 3964600 a multiple of 25?
True
Does 77 divide 1653883?
True
Is 332721 a multiple of 9?
True
Does 14 divide 119706?
False
Is 2354 even?
True
Is 170 a factor of 409047?
False
Is 246384 a multiple of 16?
True
Is 28 a factor of 91812?
True
Is 221505 a multiple of 15?
True
Is 118719 a multiple of 15?
False
Does 208 divide 144768?
True
Is 152928 a multiple of 3?
True
Is 2475158 a multiple of 55?
False
Is 827333 a multiple of 21?
False
Is 16 a factor of 37424?
True
Is 26 a factor of 68268?
False
Does 80 divide 53318?
False
Does 180 divide 69300?
True
Does 378 divide 251748?
True
Does 19 divide 15382?
False
Is 128880 a multiple of 360?
True
Is 5876517 a multiple of 6?
False
Is 28 a factor of 1194427?
False
Does 21 divide 146784?
False
Is 13 a factor of 11869?
True
Is 133938 a multiple of 42?
True
Is 164791 a multiple of 15?
False
Is 823 a factor of 9063699?
True
Does 953 divide 27366135?
False
Is 36 a factor of 9103600?
False
Is 20 a factor of 37054?
False
Is 424 a factor of 3770684?
False
Does 13 divide 1249183?
True
Is 8 a factor of 1055040?
True
Does 243 divide 78003?
True
Is 15755 a multiple of 6?
False
Is 5 a factor of 108450?
True
Does 181 divide 10570581?
True
Is 303962 a multiple of 29?
False
Is 84 a factor of 160628?
False
Is 112 a factor of 28631?
False
Is 399894 a multiple of 33?
True
Is 275 a factor of 4102175?
True
Is 64107 a multiple of 10?
False
Does 21 divide 1097901?
True
Does 270 divide 153522?
False
Does 102 divide 165709?
False
Does 126 divide 144774?
True
Is 3881511 a multiple of 603?
True
Is 129779 a multiple of 428?
False
Is 334 a factor of 3920826?
True
Is 26 a factor of 1818539?
False
Is 109046 a multiple of 14?
True
Is 547394 a multiple of 12?
False
Is 1142753 a multiple of 8?
False
Is 351104 a multiple of 25?
False
Does 897 divide 9574582?
False
Does 14 divide 116172?
True
Is 5 a factor of 217076?
False
Does 776 divide 341412?
False
Does 145 divide 3715190?
True
Does 72 divide 1399176?
True
Does 59 divide 226101?
False
Is 10 a factor of 40860?
True
Is 160 a factor of 84960?
True
Does 19 divide 490105?
True
Is 1533635 a multiple of 41?
False
Is 228420 a multiple of 705?
True
Is 20585 a multiple of 61?
False
Is 2 a factor of 642?
True
Is 38208 a multiple of 10?
False
Is 1148190 a multiple of 30?
True
Is 115 a factor of 76015?
True
Is 109 a factor of 480177?
False
Is 64 a factor of 5377536?
True
Is 282360 a multiple of 14?
False
Does 244 divide 2363839?
False
Is 218 a factor of 494289?
False
Is 97268 a multiple of 190?
False
Is 112374 a multiple of 9?
True
Does 22 divide 538706?
False
Does 310 divide 4234290?
True
Does 49 divide 9637957?
True
Is 14 a factor of 470708?
True
Does 39 divide 112561?
False
Is 58700 a multiple of 25?
True
Is 14 a factor of 32158?
True
Does 1209 divide 2546154?
True
Is 14 a factor of 4555169?
False
Is 49 a factor of 364060?
False
Is 204 a factor of 409155?
False
Is 2727065 a multiple of 13?
False
Is 5066117 a multiple of 11?
False
Is 155 a factor of 1230730?
False
Is 612466 a multiple of 38?
False
Is 272 a factor of 1005312?
True
Is 106 a factor of 11562798?
True
Is 3 a factor of 215958?
True
Does 185 divide 9428525?
True
Is 534 a factor of 3062490?
True
Is 264516 a multiple of 329?
True
Is 419 a factor of 501158?
False
Is 21 a factor of 2762907?
True
Does 241 divide 36632?
True
Is 182 a factor of 320138?
True
Is 44 a factor of 685879?
False
Does 29 divide 4847?
False
Is 11040224 a multiple of 32?
True
Is 15 a factor of 2775375?
True
Does 68 divide 138108?
True
Is 2071425 a multiple of 213?
True
Does 32 divide 29843232?
True
Is 156690 a multiple of 6?
True
Does 14 divide 19445640?
False
Does 603 divide 377946?
False
Is 42 a factor of 3823395?
False
Is 461281 a multiple of 136?
False
Is 11684 even?
True
Is 1747 even?
False
Is 15 a factor of 187207?
False
Is 152 a factor of 130940?
False
Is 750970 a multiple of 10?
True
Is 22 a factor of 216744?
True
Does 61 divide 134161?
False
Does 2 divide 1188447?
False
Is 110 a factor of 411950?
True
Does 24 divide 1170804?
False
Is 147 a factor of 3788750?
False
Does 10 divide 237270?
True
Is 79 a factor of 51926?
False
Is 50 a factor of 6257662?
False
Is 395 a factor of 701922?
False
Does 481 divide 728989?
False
Is 46 a factor of 822454?
False
Is 494868 a multiple of 506?
True
Is 63 a factor of 676909?
False
Is 301276 a multiple of 18?
False
Is 12 a factor of 1070940?
True
Is 378 a factor of 527570?
False
Is 47 a factor of 371467?
False
Is 1332900 a multiple of 56?
False
Does 9 divide 13379?
False
Is 84723 a multiple of 99?
False
Is 106290 a multiple of 30?
True
Does 8 divide 978315?
False
Is 9 a factor of 3231639?
True
Is 323935 a multiple of 37?
True
Is 3453413 a multiple of 19?
False
Is 642 a factor of 19676016?
True
Does 47 divide 564611?
True
Is 255 a factor of 995036?
False
Is 1704638 a multiple of 70?
False
Is 170 a factor of 3505?
False
Is 141348 a multiple of 32?
False
Is 194 a factor of 232639?
False
Does 192 divide 7180639?
False
Does 317 divide 245675?
True
Is 191688 a multiple of 294?
True
Is 8369 a multiple of 10?
False
Does 797 divide 3782664?
False
Is 89302 a multiple of 240?
False
Is 62 a factor of 692416?
True
Is 29 a factor of 119364?
True
I